+ 74. List the prime factors of g.
2, 3
Let s(c) = 51*c**2 - 23*c - 104. List the prime factors of s(-5).
2, 643
Let b(o) = -5*o + 25. Let j(f) = f - 1. Let c(q) = -6*q + 5. Let v(s) = c(s) + 5*j(s). Let h(i) = -b(i) + 2*v(i). What are the prime factors of h(10)?
5
Let l(q) be the second derivative of -q**3/2 - 7*q**2/2 - 15*q. Let n = -1 + -11. List the prime factors of l(n).
29
Let c = -5 + 9. Suppose 3 = 3*i - 5*g - 7, 8 = -5*i - c*g. Suppose i = -4*t - t + 110. What are the prime factors of t?
2, 11
Suppose 0 = -21*f + 22*f - 21. Let q = f + -15. What are the prime factors of q?
2, 3
Suppose 458 = 2*v + p, -v = 3*p - 335 + 116. List the prime factors of v.
3, 7, 11
Let c = -2 - -4. Let m = -55 + 55. Suppose -4*p + c*p + 58 = m. List the prime factors of p.
29
Let i(c) = -28*c + 14. Let h be i(-10). Suppose -h = -5*a + s, a + 3*s = 2*s + 54. Suppose -4*d = k + 2*k - 138, 2*d - 4*k - a = 0. List the prime factors of d.
3, 11
Let c(d) = -8*d - 14. Let z be c(12). Let v = z - -157. List the prime factors of v.
47
Let j = -72 - -127. Let y be (-808)/(-32) - 3/(-4). Suppose -j - y = -3*l. What are the prime factors of l?
3
Let i be (-28)/6 - (-3)/(-18)*-4. Let r(x) = -23*x + 18. List the prime factors of r(i).
2, 5, 11
Suppose 0*s - 35 = 5*s. Let u(c) = -3*c - 9. Let t(m) = 9*m + 26. Let r(f) = s*u(f) - 2*t(f). What are the prime factors of r(13)?
2, 5
Let h = -997 - -7109. List the prime factors of (2/(-8))/((-8)/h).
191
Let u be (-2)/(-1)*(4 + 146). Suppose 3*p + 7*t - 494 = 2*t, -u = -2*p + 4*t. What are the prime factors of p?
2, 79
Let n be 132/2 + 0/1. Suppose -297 = 3*i + n. List the prime factors of (-2)/(-11) - 583/i.
5
Let f = -3 + 11. Suppose 3*n - 44 = -f. List the prime factors of (-6*1)/((-18)/n).
2
Let c(n) = n**2 + 14*n + 6. Let q be c(-6). Let d = q + 129. What are the prime factors of d?
3, 29
Suppose 5*g - 1209 = 1401. Suppose -5*w + 542 = -3*f, 5*w + 2*f - g = -0*w. Suppose 7*m - w = 3*m + j, -4*m - 5*j + 118 = 0. What are the prime factors of m?
3
Let l be -4 + 5 + 1*4. Suppose -l*m = -8*m + 225. Let s = -43 + m. List the prime factors of s.
2
Let d(x) be the first derivative of x**2 - 22*x + 39. What are the prime factors of d(14)?
2, 3
Let y = 1351 + -2407. List the prime factors of (-4)/(-14) - y/28.
2, 19
Let x = -448 + 797. List the prime factors of x.
349
Suppose -12*b + 24*b = 24. Suppose -489 = b*p - 5*p. List the prime factors of p.
163
Let u(p) be the second derivative of 75*p**4/4 + p**3/3 - 3*p**2/2 + 28*p. List the prime factors of u(1).
2, 7
Suppose 9*v - 6371 - 343 = 0. What are the prime factors of v?
2, 373
Let a be ((-12)/(-15))/((-1)/5). Let h = 228 + -144. What are the prime factors of h/8 - (-2)/a?
2, 5
Let b(m) = -m**2 + 5*m - 2. Let q(k) = -k**2 - 4*k + 7. Let x be q(-5). Let i be b(x). Suppose -i*r = -0*r - 28. What are the prime factors of r?
7
Suppose -1982*w + 1977*w = -10815. List the prime factors of w.
3, 7, 103
Suppose 5*f - 487 = 448. What are the prime factors of f?
11, 17
Let u(c) = c + 1. Let j be u(1). Suppose j*w = 98 + 4. What are the prime factors of w?
3, 17
Let u(o) = o**3 + 51*o**2 - 247*o + 58. List the prime factors of u(-55).
1543
Let c(w) = -w + 1. Let h be c(-3). Suppose 12*i = -45 - 15. What are the prime factors of 75/h + i/(-20)?
19
Let u be (3/(-2))/((-9)/24). Suppose 4*v - 112 = -5*p, 0 = -u*v - 4*p + 84 + 24. Let r = 13 + v. List the prime factors of r.
2, 3
Let m be 0/(2/(0 + 2)). Suppose 0 = -5*s - 2*z + 19, 4*z + 12 = -m. Suppose s*b - 63 = -3. List the prime factors of b.
2, 3
Suppose -2*n = 86 - 94. What are the prime factors of 38 + (-1 - -1)/(-1 + n)?
2, 19
Let m = 612 + -372. Let w = 20 + m. What are the prime factors of w?
2, 5, 13
Let i(o) = -3*o**2 - 9*o + 21*o + 12*o**3 - 11 - 4*o**3 - 9*o**3. What are the prime factors of i(-6)?
5
Let g(z) = 6*z - 10. Let l be g(12). Suppose 0 = 2*w + 5*k - l, -3*w + k = -2*k - 93. List the prime factors of w.
31
Let k(u) = -12*u - 10. Let l be k(-9). Let q = l - 272. What are the prime factors of (q/12)/(1/(-2))?
29
Let m = 5 + 0. Suppose q + 5*t + 114 = -3*q, m*q = t - 128. List the prime factors of -2 + 0 + 3 - q.
3
Suppose 4*o + 34 = 3*y, -2*y + 10 = -3*o - 14. Suppose y*g = 297 + 327. What are the prime factors of g?
2, 13
Let g(s) = -6*s**3 + s**2 + 2*s. Let t be g(-2). Suppose -4*q + 66 = -q. Let u = t - q. What are the prime factors of u?
2, 13
Suppose 4350 = 5*x - 113*m + 118*m, -m + 5 = 0. What are the prime factors of x?
5, 173
Let z(l) = 1. Let o(a) = -4*a - 19. Let y(r) = o(r) + 2*z(r). Suppose -d = d + 24. What are the prime factors of y(d)?
31
Let l be 0*(15/10 + -2). Suppose p + 3 = l, 4*p - 26 = z - 214. Let s = z + -106. What are the prime factors of s?
2, 5, 7
Let j be (-1 - -1)*(-1)/(-2). Let l = 5 + j. Suppose -5*r + 5*u = -230, 3*r - 71 = r - l*u. What are the prime factors of r?
43
Let s(b) = b**2 + 9*b - 22. Let g(d) = d**2 - 19. Let n be g(-5). What are the prime factors of s(n)?
2, 17
Let p(t) = 943*t**2 - 29*t - 28. List the prime factors of p(-1).
2, 59
Let n = 5 + -5. List the prime factors of n + (60/18)/((-2)/(-57)).
5, 19
Let g be (-2)/(-10) + (-287)/35. Let u = g + 12. List the prime factors of (-732)/(-16) + u/16.
2, 23
Suppose 20*i = 15*i + 20. Suppose 0 = -2*y + 3*q + 55, -2*y + 30 = -i*q - 24. List the prime factors of y.
29
List the prime factors of (-6 + 1)/(10 + -10 - 1).
5
Suppose 4*h - 16 = -4. Suppose -5*l = 15, -2*l = -2*f + h*l + 111. List the prime factors of f.
2, 3
Let b(d) = 5*d**2 - 33*d + 37. List the prime factors of b(17).
3, 307
Let y(t) = 11*t**3 + t**2 - 4*t + 3. Let g be y(1). Let r(d) = d**3 - 11*d**2 + 8*d + 4. What are the prime factors of r(g)?
2, 23
Let l be (-6 - -3) + 20 + -3. List the prime factors of (-4)/l + (-2704)/(-56).
2, 3
Let s be 3/(-6) + 4/8. Let h = -3 - -2. What are the prime factors of s/h - -10*3?
2, 3, 5
Suppose 10*m + 9*m - 10222 = 0. What are the prime factors of m?
2, 269
Let o(g) = 106*g**2 + 26*g - 271. What are the prime factors of o(7)?
5, 1021
Let m(o) be the second derivative of 4*o**2 - 1/6*o**4 + 10*o + 11/3*o**3 + 0. List the prime factors of m(10).
2, 7
Let f = -33 + 33. Suppose 5 = -f*g + 5*g. List the prime factors of 21/14*(31 + g).
2, 3
Suppose o = 5*g - 38, 0 = 5*g - 0*o - 3*o - 34. Let w be 174/g - (-3)/(-4). Suppose -3*i - 91 = -6*i - j, 2*j = i - w. What are the prime factors of i?
29
Suppose -3*r - 346 + 2293 = 0. Suppose -3*h + r = 8*h. What are the prime factors of h?
59
Let f(r) = r**3 - 2*r**2 + 4*r - 4. Let w be f(3). Let u = w - 12. Suppose 2 - 12 = -u*h, 0 = j - 2*h - 28. What are the prime factors of j?
2
Let j be 4 + -6 - 44/(-2). Suppose 0 = 2*k - k - 5, a = -4*k + j. Let g(q) = q + 6. List the prime factors of g(a).
2, 3
Let y = 145 - -86. Suppose 8*u = 3*u + 2*i + y, 5*u = -3*i + 216. List the prime factors of u.
3, 5
Suppose -14 = -y + 7*r - 4*r, 3*y - 2*r - 28 = 0. Let m be ((-2)/4)/(2/24). List the prime factors of ((-153)/6)/(m/y).
2, 17
Suppose -297 = 5*g + 4*g. Let n = 37 + g. List the prime factors of n.
2
Let x(b) = b**2 - 21*b + 51. What are the prime factors of x(31)?
19
Let m be (-56)/(-32) + 2/8. Suppose m*p - 6 = -4*z, 5*p - 4*p + 3 = 0. Suppose 0 = z*x - 57 - 24. List the prime factors of x.
3
Let s = -77 + 448. What are the prime factors of s?
7, 53
Suppose -3*y + 12 = -135. Let h = -161 + 130. Let j = h + y. List the prime factors of j.
2, 3
Suppose 4*i = 3*v + 20, 0 = -0*v - 4*v - 3*i + 15. Suppose v = -5*y - 2 + 32. Suppose 0 = 3*p - y*p + 138. List the prime factors of p.
2, 23
Let h be (-258)/(-54) - 2/(-9). Let l = 11 - h. What are the prime factors of 50/30*1*l?
2, 5
Let b be 4*1 - (19 - 15). List the prime factors of (2 - 61)/(b + -1).
59
Suppose -2*r - 6 = 4*y - 0*y, r - 9 = 2*y. Let c be 1*(7 + y) - 10. List the prime factors of 588/(-8)*4/c.
7
Let q be 2 + 1 + (-1 + -7 - -8). Suppose 519 = -0*j + q*j. List the prime factors of j.
173
Let m = -75 - 62. Let k = m + 55. List the prime factors of (-18)/(-30) - k/5.
17
What are the prime factors of ((-1)/3)/(((-32)/(-16872))/(-4))?
19, 37
Let v(q) = 385*q - 8. Let a be v(3). Suppose a = 4*d + 3*c, 818 = 3*d + 2*c - 41. What are the prime factors of d?
283
Let d(s) = -14*s + 33. Let g be d(14). Let y = 245 + g. What are the prime factors of